{"id":31,"date":"2020-10-07T16:36:10","date_gmt":"2020-10-07T14:36:10","guid":{"rendered":"http:\/\/claudir.cluster023.hosting.ovh.net\/vedereclaudine@gmail.com\/?page_id=31"},"modified":"2026-01-20T21:08:50","modified_gmt":"2026-01-20T20:08:50","slug":"collectivites-entreprises","status":"publish","type":"page","link":"https:\/\/claudinevedere.com\/index.php\/collectivites-entreprises\/","title":{"rendered":"Prestations"},"content":{"rendered":"\t\t<div data-elementor-type=\"wp-page\" data-elementor-id=\"31\" class=\"elementor elementor-31\">\n\t\t\t\t\t\t<section class=\"elementor-section elementor-top-section elementor-element elementor-element-49573f7 elementor-section-boxed elementor-section-height-default elementor-section-height-default\" data-id=\"49573f7\" data-element_type=\"section\" data-e-type=\"section\">\n\t\t\t\t\t\t<div class=\"elementor-container elementor-column-gap-default\">\n\t\t\t\t\t<div class=\"elementor-column elementor-col-100 elementor-top-column elementor-element elementor-element-bf8aff0\" data-id=\"bf8aff0\" data-element_type=\"column\" data-e-type=\"column\">\n\t\t\t<div class=\"elementor-widget-wrap elementor-element-populated\">\n\t\t\t\t\t\t<div class=\"elementor-element elementor-element-37316d6 elementor-widget elementor-widget-image\" data-id=\"37316d6\" data-element_type=\"widget\" data-e-type=\"widget\" data-widget_type=\"image.default\">\n\t\t\t\t<div class=\"elementor-widget-container\">\n\t\t\t\t\t\t\t\t\t\t\t\t\t\t\t<img fetchpriority=\"high\" decoding=\"async\" width=\"2000\" height=\"275\" src=\"https:\/\/claudinevedere.com\/wp-content\/uploads\/2021\/10\/2-9.png\" class=\"attachment-full size-full wp-image-1939\" alt=\"\" srcset=\"https:\/\/claudinevedere.com\/wp-content\/uploads\/2021\/10\/2-9.png 2000w, https:\/\/claudinevedere.com\/wp-content\/uploads\/2021\/10\/2-9-300x41.png 300w, https:\/\/claudinevedere.com\/wp-content\/uploads\/2021\/10\/2-9-1024x141.png 1024w, https:\/\/claudinevedere.com\/wp-content\/uploads\/2021\/10\/2-9-768x106.png 768w, https:\/\/claudinevedere.com\/wp-content\/uploads\/2021\/10\/2-9-1536x211.png 1536w, https:\/\/claudinevedere.com\/wp-content\/uploads\/2021\/10\/2-9-600x83.png 600w\" sizes=\"(max-width: 2000px) 100vw, 2000px\" \/>\t\t\t\t\t\t\t\t\t\t\t\t\t\t\t<\/div>\n\t\t\t\t<\/div>\n\t\t\t\t\t<\/div>\n\t\t<\/div>\n\t\t\t\t\t<\/div>\n\t\t<\/section>\n\t\t\t\t<section class=\"elementor-section elementor-top-section elementor-element elementor-element-d5eddfb elementor-section-boxed elementor-section-height-default elementor-section-height-default\" data-id=\"d5eddfb\" data-element_type=\"section\" data-e-type=\"section\">\n\t\t\t\t\t\t<div class=\"elementor-container elementor-column-gap-default\">\n\t\t\t\t\t<div class=\"elementor-column elementor-col-100 elementor-top-column elementor-element elementor-element-38d3fff\" data-id=\"38d3fff\" data-element_type=\"column\" data-e-type=\"column\">\n\t\t\t<div class=\"elementor-widget-wrap elementor-element-populated\">\n\t\t\t\t\t\t<div class=\"elementor-element elementor-element-b882d0a elementor-widget elementor-widget-text-editor\" data-id=\"b882d0a\" data-element_type=\"widget\" data-e-type=\"widget\" data-widget_type=\"text-editor.default\">\n\t\t\t\t<div class=\"elementor-widget-container\">\n\t\t\t\t\t\t\t\t\t<p><span style=\"color: #000000;\">J&rsquo;associe toutes mes comp\u00e9tences, \u00e0 savoir la sophrologie, le massage bien-\u00eatre et les soins \u00e9nerg\u00e9tiques en vous proposant un accompagnement personnalis\u00e9. C&rsquo;est dans cette coh\u00e9rence c\u0153ur-corps-esprit que je cultive votre bien-\u00eatre.<\/span><\/p>\t\t\t\t\t\t\t\t<\/div>\n\t\t\t\t<\/div>\n\t\t\t\t\t<\/div>\n\t\t<\/div>\n\t\t\t\t\t<\/div>\n\t\t<\/section>\n\t\t\t\t<section class=\"elementor-section elementor-top-section elementor-element elementor-element-fa70f39 elementor-section-boxed elementor-section-height-default elementor-section-height-default\" data-id=\"fa70f39\" data-element_type=\"section\" data-e-type=\"section\">\n\t\t\t\t\t\t<div class=\"elementor-container elementor-column-gap-default\">\n\t\t\t\t\t<div class=\"elementor-column elementor-col-25 elementor-top-column elementor-element elementor-element-f2b878d\" data-id=\"f2b878d\" data-element_type=\"column\" data-e-type=\"column\">\n\t\t\t<div class=\"elementor-widget-wrap elementor-element-populated\">\n\t\t\t\t\t\t<div class=\"elementor-element elementor-element-a1232f8 elementor-widget elementor-widget-image\" data-id=\"a1232f8\" data-element_type=\"widget\" data-e-type=\"widget\" data-widget_type=\"image.default\">\n\t\t\t\t<div class=\"elementor-widget-container\">\n\t\t\t\t\t\t\t\t\t\t\t\t\t\t\t\t<a href=\"https:\/\/claudinevedere.com\/index.php\/sophrologie-6\/\" target=\"_blank\">\n\t\t\t\t\t\t\t<img decoding=\"async\" width=\"300\" height=\"300\" src=\"https:\/\/claudinevedere.com\/wp-content\/uploads\/2021\/10\/sophro-300x300.png\" class=\"attachment-medium size-medium wp-image-2185\" alt=\"\" srcset=\"https:\/\/claudinevedere.com\/wp-content\/uploads\/2021\/10\/sophro-300x300.png 300w, https:\/\/claudinevedere.com\/wp-content\/uploads\/2021\/10\/sophro-1024x1024.png 1024w, https:\/\/claudinevedere.com\/wp-content\/uploads\/2021\/10\/sophro-150x150.png 150w, https:\/\/claudinevedere.com\/wp-content\/uploads\/2021\/10\/sophro-768x768.png 768w, https:\/\/claudinevedere.com\/wp-content\/uploads\/2021\/10\/sophro-230x230.png 230w, https:\/\/claudinevedere.com\/wp-content\/uploads\/2021\/10\/sophro-365x365.png 365w, https:\/\/claudinevedere.com\/wp-content\/uploads\/2021\/10\/sophro-600x600.png 600w, https:\/\/claudinevedere.com\/wp-content\/uploads\/2021\/10\/sophro-100x100.png 100w, https:\/\/claudinevedere.com\/wp-content\/uploads\/2021\/10\/sophro.png 1080w\" sizes=\"(max-width: 300px) 100vw, 300px\" \/>\t\t\t\t\t\t\t\t<\/a>\n\t\t\t\t\t\t\t\t\t\t\t\t\t\t\t<\/div>\n\t\t\t\t<\/div>\n\t\t\t\t<div class=\"elementor-element elementor-element-a790561 elementor-align-left elementor-widget elementor-widget-button\" data-id=\"a790561\" data-element_type=\"widget\" data-e-type=\"widget\" data-widget_type=\"button.default\">\n\t\t\t\t<div class=\"elementor-widget-container\">\n\t\t\t\t\t\t\t\t\t<div class=\"elementor-button-wrapper\">\n\t\t\t\t\t<a class=\"elementor-button elementor-button-link elementor-size-sm\" href=\"https:\/\/claudinevedere.com\/index.php\/sophrologie-6\/\" target=\"_blank\">\n\t\t\t\t\t\t<span class=\"elementor-button-content-wrapper\">\n\t\t\t\t\t\t\t\t\t<span class=\"elementor-button-text\">Relaxez-vous<\/span>\n\t\t\t\t\t<\/span>\n\t\t\t\t\t<\/a>\n\t\t\t\t<\/div>\n\t\t\t\t\t\t\t\t<\/div>\n\t\t\t\t<\/div>\n\t\t\t\t<div class=\"elementor-element elementor-element-e4438c9 elementor-widget elementor-widget-text-editor\" data-id=\"e4438c9\" data-element_type=\"widget\" data-e-type=\"widget\" data-widget_type=\"text-editor.default\">\n\t\t\t\t<div class=\"elementor-widget-container\">\n\t\t\t\t\t\t\t\t\t<p><strong><span style=\"color: #51702d;\">Les exercices respiratoires :<\/span> <\/strong><span style=\"color: #000000;\">revenir \u00e0 soi, \u00ab d\u00e9-brancher \u00bb votre \u00ab\u00a0petit v\u00e9lo int\u00e9rieur \u00bb, \u00ab chasser les \u00ab nuages \u00bb, retrouver de l\u2019\u00e9nergie<\/span><\/p><p><strong><span style=\"color: #51702d;\">Le rel\u00e2chement musculaire\u00a0:<\/span> <\/strong><span style=\"color: #000000;\">\u00ab\u00a0passer\u00a0\u00bb par le corps pour mettre \u00e0 distance les pr\u00e9occupations de votre quotidien<\/span><\/p><p><strong><span style=\"color: #51702d;\">La visualisation positive\u00a0:<\/span> <\/strong><span style=\"color: #000000;\">activer le positif en vous, \u00eatre acteur ou actrice de votre vie<\/span><\/p>\t\t\t\t\t\t\t\t<\/div>\n\t\t\t\t<\/div>\n\t\t\t\t\t<\/div>\n\t\t<\/div>\n\t\t\t\t<div class=\"elementor-column elementor-col-25 elementor-top-column elementor-element elementor-element-258f204\" data-id=\"258f204\" data-element_type=\"column\" data-e-type=\"column\">\n\t\t\t<div class=\"elementor-widget-wrap elementor-element-populated\">\n\t\t\t\t\t\t<div class=\"elementor-element elementor-element-a7445c2 elementor-widget elementor-widget-image\" data-id=\"a7445c2\" data-element_type=\"widget\" data-e-type=\"widget\" data-widget_type=\"image.default\">\n\t\t\t\t<div class=\"elementor-widget-container\">\n\t\t\t\t\t\t\t\t\t\t\t\t\t\t\t\t<a href=\"https:\/\/claudinevedere.com\/index.php\/massages-de-relaxation\/\" target=\"_blank\">\n\t\t\t\t\t\t\t<img decoding=\"async\" width=\"300\" height=\"300\" src=\"https:\/\/claudinevedere.com\/wp-content\/uploads\/2021\/10\/massages-300x300.png\" class=\"attachment-medium size-medium wp-image-2186\" alt=\"\" srcset=\"https:\/\/claudinevedere.com\/wp-content\/uploads\/2021\/10\/massages-300x300.png 300w, https:\/\/claudinevedere.com\/wp-content\/uploads\/2021\/10\/massages-1024x1024.png 1024w, https:\/\/claudinevedere.com\/wp-content\/uploads\/2021\/10\/massages-150x150.png 150w, https:\/\/claudinevedere.com\/wp-content\/uploads\/2021\/10\/massages-768x768.png 768w, https:\/\/claudinevedere.com\/wp-content\/uploads\/2021\/10\/massages-230x230.png 230w, https:\/\/claudinevedere.com\/wp-content\/uploads\/2021\/10\/massages-365x365.png 365w, https:\/\/claudinevedere.com\/wp-content\/uploads\/2021\/10\/massages-600x600.png 600w, https:\/\/claudinevedere.com\/wp-content\/uploads\/2021\/10\/massages-100x100.png 100w, https:\/\/claudinevedere.com\/wp-content\/uploads\/2021\/10\/massages.png 1080w\" sizes=\"(max-width: 300px) 100vw, 300px\" \/>\t\t\t\t\t\t\t\t<\/a>\n\t\t\t\t\t\t\t\t\t\t\t\t\t\t\t<\/div>\n\t\t\t\t<\/div>\n\t\t\t\t<div class=\"elementor-element elementor-element-0324140 elementor-align-left elementor-widget elementor-widget-button\" data-id=\"0324140\" data-element_type=\"widget\" data-e-type=\"widget\" data-widget_type=\"button.default\">\n\t\t\t\t<div class=\"elementor-widget-container\">\n\t\t\t\t\t\t\t\t\t<div class=\"elementor-button-wrapper\">\n\t\t\t\t\t<a class=\"elementor-button elementor-button-link elementor-size-sm\" href=\"https:\/\/claudinevedere.com\/index.php\/massages-de-relaxation\/\" target=\"_blank\">\n\t\t\t\t\t\t<span class=\"elementor-button-content-wrapper\">\n\t\t\t\t\t\t\t\t\t<span class=\"elementor-button-text\">Prenez soin de vous<\/span>\n\t\t\t\t\t<\/span>\n\t\t\t\t\t<\/a>\n\t\t\t\t<\/div>\n\t\t\t\t\t\t\t\t<\/div>\n\t\t\t\t<\/div>\n\t\t\t\t<div class=\"elementor-element elementor-element-effb0d6 elementor-widget elementor-widget-text-editor\" data-id=\"effb0d6\" data-element_type=\"widget\" data-e-type=\"widget\" data-widget_type=\"text-editor.default\">\n\t\t\t\t<div class=\"elementor-widget-container\">\n\t\t\t\t\t\t\t\t\t<p><span style=\"color: #000000;\"><strong><span style=\"color: #7baad6;\">Une sensation de bien-\u00eatre, de d\u00e9tente<\/span> <\/strong>pour un moment suspendu dans le temps<\/span><\/p><p><span style=\"color: #000000;\"><strong><span style=\"color: #7baad6;\">Une remise du compteur \u00e0 z\u00e9ro\u00a0:<\/span> <\/strong>quelques minutes suffisent pour l\u00e2cher-prise et faire le vide dans votre esprit dans un environnement calme et\/ou musical<\/span><\/p><p><span style=\"color: #000000;\"><strong><span style=\"color: #7baad6;\">Une personnalisation du massage de bien-\u00eatre<\/span> <\/strong>pour d\u00e9nouer les \u00ab\u00a0n\u0153uds\u00a0\u00bb de votre corps<\/span><\/p>\t\t\t\t\t\t\t\t<\/div>\n\t\t\t\t<\/div>\n\t\t\t\t\t<\/div>\n\t\t<\/div>\n\t\t\t\t<div class=\"elementor-column elementor-col-25 elementor-top-column elementor-element elementor-element-9eefb4f\" data-id=\"9eefb4f\" data-element_type=\"column\" data-e-type=\"column\">\n\t\t\t<div class=\"elementor-widget-wrap elementor-element-populated\">\n\t\t\t\t\t\t<div class=\"elementor-element elementor-element-399964b elementor-widget elementor-widget-image\" data-id=\"399964b\" data-element_type=\"widget\" data-e-type=\"widget\" data-widget_type=\"image.default\">\n\t\t\t\t<div class=\"elementor-widget-container\">\n\t\t\t\t\t\t\t\t\t\t\t\t\t\t\t\t<a href=\"https:\/\/claudinevedere.com\/index.php\/soins-energetiques-2\/\" target=\"_blank\">\n\t\t\t\t\t\t\t<img loading=\"lazy\" decoding=\"async\" width=\"300\" height=\"300\" src=\"https:\/\/claudinevedere.com\/wp-content\/uploads\/2021\/10\/soin-energetiques-300x300.png\" class=\"attachment-medium size-medium wp-image-2187\" alt=\"\" srcset=\"https:\/\/claudinevedere.com\/wp-content\/uploads\/2021\/10\/soin-energetiques-300x300.png 300w, https:\/\/claudinevedere.com\/wp-content\/uploads\/2021\/10\/soin-energetiques-1024x1024.png 1024w, https:\/\/claudinevedere.com\/wp-content\/uploads\/2021\/10\/soin-energetiques-150x150.png 150w, https:\/\/claudinevedere.com\/wp-content\/uploads\/2021\/10\/soin-energetiques-768x768.png 768w, https:\/\/claudinevedere.com\/wp-content\/uploads\/2021\/10\/soin-energetiques-230x230.png 230w, https:\/\/claudinevedere.com\/wp-content\/uploads\/2021\/10\/soin-energetiques-365x365.png 365w, https:\/\/claudinevedere.com\/wp-content\/uploads\/2021\/10\/soin-energetiques-600x600.png 600w, https:\/\/claudinevedere.com\/wp-content\/uploads\/2021\/10\/soin-energetiques-100x100.png 100w, https:\/\/claudinevedere.com\/wp-content\/uploads\/2021\/10\/soin-energetiques.png 1080w\" sizes=\"(max-width: 300px) 100vw, 300px\" \/>\t\t\t\t\t\t\t\t<\/a>\n\t\t\t\t\t\t\t\t\t\t\t\t\t\t\t<\/div>\n\t\t\t\t<\/div>\n\t\t\t\t<div class=\"elementor-element elementor-element-65abf53 elementor-align-left elementor-widget elementor-widget-button\" data-id=\"65abf53\" data-element_type=\"widget\" data-e-type=\"widget\" data-widget_type=\"button.default\">\n\t\t\t\t<div class=\"elementor-widget-container\">\n\t\t\t\t\t\t\t\t\t<div class=\"elementor-button-wrapper\">\n\t\t\t\t\t<a class=\"elementor-button elementor-button-link elementor-size-sm\" href=\"https:\/\/claudinevedere.com\/index.php\/soins-energetiques-2\/\" target=\"_blank\">\n\t\t\t\t\t\t<span class=\"elementor-button-content-wrapper\">\n\t\t\t\t\t\t\t\t\t<span class=\"elementor-button-text\">Reconnectez-vous<\/span>\n\t\t\t\t\t<\/span>\n\t\t\t\t\t<\/a>\n\t\t\t\t<\/div>\n\t\t\t\t\t\t\t\t<\/div>\n\t\t\t\t<\/div>\n\t\t\t\t<div class=\"elementor-element elementor-element-b8d058a elementor-widget elementor-widget-text-editor\" data-id=\"b8d058a\" data-element_type=\"widget\" data-e-type=\"widget\" data-widget_type=\"text-editor.default\">\n\t\t\t\t<div class=\"elementor-widget-container\">\n\t\t\t\t\t\t\t\t\t<p><span style=\"color: #9456ba;\"><strong>Vous \u00eates le(a) seul(e) \u00e0 d\u00e9clencher votre auto-gu\u00e9rison.<\/strong><\/span><\/p><p><span style=\"color: #be7ee6;\"><strong><span style=\"color: #9456ba;\">Je vous transmets l&rsquo;\u00e9nergie n\u00e9cessaire pour retrouver votre \u00e9quilibre.<\/span> <\/strong><\/span><\/p><p><span style=\"color: #000000;\">Gr\u00e2ce \u00e0 cette<strong><span style=\"color: #9456ba;\"> nouvelle impulsion, <\/span><\/strong>vous allez lib\u00e9rer vos blocages de vie et vos tensions. Ainsi vous retrouverez le chemin de la gu\u00e9rison et un r\u00e9\u00e9quilibrage de vos structures \u00e9nerg\u00e9tiques. <\/span><\/p>\t\t\t\t\t\t\t\t<\/div>\n\t\t\t\t<\/div>\n\t\t\t\t\t<\/div>\n\t\t<\/div>\n\t\t\t\t<div class=\"elementor-column elementor-col-25 elementor-top-column elementor-element elementor-element-9033835\" data-id=\"9033835\" data-element_type=\"column\" data-e-type=\"column\">\n\t\t\t<div class=\"elementor-widget-wrap elementor-element-populated\">\n\t\t\t\t\t\t<div class=\"elementor-element elementor-element-f17475d elementor-widget elementor-widget-image\" data-id=\"f17475d\" data-element_type=\"widget\" data-e-type=\"widget\" data-widget_type=\"image.default\">\n\t\t\t\t<div class=\"elementor-widget-container\">\n\t\t\t\t\t\t\t\t\t\t\t\t\t\t\t\t<a href=\"https:\/\/claudinevedere.com\/index.php\/formatrice-petite-enfance\/\" target=\"_blank\">\n\t\t\t\t\t\t\t<img loading=\"lazy\" decoding=\"async\" width=\"300\" height=\"300\" src=\"https:\/\/claudinevedere.com\/wp-content\/uploads\/2021\/10\/formations-300x300.png\" class=\"attachment-medium size-medium wp-image-2193\" alt=\"\" srcset=\"https:\/\/claudinevedere.com\/wp-content\/uploads\/2021\/10\/formations-300x300.png 300w, https:\/\/claudinevedere.com\/wp-content\/uploads\/2021\/10\/formations-1024x1024.png 1024w, https:\/\/claudinevedere.com\/wp-content\/uploads\/2021\/10\/formations-150x150.png 150w, https:\/\/claudinevedere.com\/wp-content\/uploads\/2021\/10\/formations-768x768.png 768w, https:\/\/claudinevedere.com\/wp-content\/uploads\/2021\/10\/formations-230x230.png 230w, https:\/\/claudinevedere.com\/wp-content\/uploads\/2021\/10\/formations-365x365.png 365w, https:\/\/claudinevedere.com\/wp-content\/uploads\/2021\/10\/formations-600x600.png 600w, https:\/\/claudinevedere.com\/wp-content\/uploads\/2021\/10\/formations-100x100.png 100w, https:\/\/claudinevedere.com\/wp-content\/uploads\/2021\/10\/formations.png 1080w\" sizes=\"(max-width: 300px) 100vw, 300px\" \/>\t\t\t\t\t\t\t\t<\/a>\n\t\t\t\t\t\t\t\t\t\t\t\t\t\t\t<\/div>\n\t\t\t\t<\/div>\n\t\t\t\t<div class=\"elementor-element elementor-element-35d02b3 elementor-align-left elementor-widget elementor-widget-button\" data-id=\"35d02b3\" data-element_type=\"widget\" data-e-type=\"widget\" data-widget_type=\"button.default\">\n\t\t\t\t<div class=\"elementor-widget-container\">\n\t\t\t\t\t\t\t\t\t<div class=\"elementor-button-wrapper\">\n\t\t\t\t\t<a class=\"elementor-button elementor-button-link elementor-size-sm\" href=\"https:\/\/claudinevedere.com\/index.php\/formatrice-petite-enfance\/\" target=\"_blank\">\n\t\t\t\t\t\t<span class=\"elementor-button-content-wrapper\">\n\t\t\t\t\t\t\t\t\t<span class=\"elementor-button-text\">Formez-vous<\/span>\n\t\t\t\t\t<\/span>\n\t\t\t\t\t<\/a>\n\t\t\t\t<\/div>\n\t\t\t\t\t\t\t\t<\/div>\n\t\t\t\t<\/div>\n\t\t\t\t<div class=\"elementor-element elementor-element-6c7dafc elementor-widget elementor-widget-text-editor\" data-id=\"6c7dafc\" data-element_type=\"widget\" data-e-type=\"widget\" data-widget_type=\"text-editor.default\">\n\t\t\t\t<div class=\"elementor-widget-container\">\n\t\t\t\t\t\t\t\t\t<p><span style=\"color: #000000;\">La formation permet \u00e0 chacun <\/span><strong><span style=\"color: #b39465;\">de se former pour am\u00e9liorer et\/ou d\u00e9velopper ses comp\u00e9tences<\/span><\/strong> <span style=\"color: #000000;\">tout au long de sa vie.<\/span> <strong><span style=\"color: #b39465;\">Elle permet de s\u2019interroger sur sa pratique.<\/span><\/strong> <span style=\"color: #000000;\">Elle est faite de rencontres, d\u2019\u00e9changes, de construction et de reconstruction.<\/span><\/p><p><span style=\"color: #000000;\">C\u2019est faire de la place pour<\/span> <strong><span style=\"color: #b39465;\">construire d\u2019autres fonctionnements,<\/span> <\/strong><span style=\"color: #000000;\">d\u2019autres modes de pens\u00e9e qui viennent enrichir et compl\u00e9ter vos savoir-faire.<\/span><\/p><p><span style=\"color: #000000;\"><em>\u00ab\u00a0Apprendre c\u2019est avoir un projet, c\u2019est se projeter diff\u00e9rent dans l\u2019avenir\u00a0\u00bb Philippe Meirieu<\/em><\/span><\/p>\t\t\t\t\t\t\t\t<\/div>\n\t\t\t\t<\/div>\n\t\t\t\t\t<\/div>\n\t\t<\/div>\n\t\t\t\t\t<\/div>\n\t\t<\/section>\n\t\t\t\t<\/div>\n\t\t","protected":false},"excerpt":{"rendered":"<p>J&rsquo;associe toutes mes comp\u00e9tences, \u00e0 savoir la sophrologie, le massage bien-\u00eatre et les soins \u00e9nerg\u00e9tiques en vous proposant un accompagnement personnalis\u00e9. C&rsquo;est dans cette coh\u00e9rence c\u0153ur-corps-esprit que je cultive votre bien-\u00eatre. Relaxez-vous Les exercices respiratoires : revenir \u00e0 soi, \u00ab<\/p>\n","protected":false},"author":1,"featured_media":0,"parent":0,"menu_order":0,"comment_status":"closed","ping_status":"closed","template":"","meta":{"_monsterinsights_skip_tracking":false,"_monsterinsights_sitenote_active":false,"_monsterinsights_sitenote_note":"","_monsterinsights_sitenote_category":0,"advanced_seo_description":"","jetpack_seo_html_title":"","jetpack_seo_noindex":false,"footnotes":""},"class_list":["post-31","page","type-page","status-publish","hentry"],"jetpack_sharing_enabled":true,"_links":{"self":[{"href":"https:\/\/claudinevedere.com\/index.php\/wp-json\/wp\/v2\/pages\/31","targetHints":{"allow":["GET"]}}],"collection":[{"href":"https:\/\/claudinevedere.com\/index.php\/wp-json\/wp\/v2\/pages"}],"about":[{"href":"https:\/\/claudinevedere.com\/index.php\/wp-json\/wp\/v2\/types\/page"}],"author":[{"embeddable":true,"href":"https:\/\/claudinevedere.com\/index.php\/wp-json\/wp\/v2\/users\/1"}],"replies":[{"embeddable":true,"href":"https:\/\/claudinevedere.com\/index.php\/wp-json\/wp\/v2\/comments?post=31"}],"version-history":[{"count":0,"href":"https:\/\/claudinevedere.com\/index.php\/wp-json\/wp\/v2\/pages\/31\/revisions"}],"wp:attachment":[{"href":"https:\/\/claudinevedere.com\/index.php\/wp-json\/wp\/v2\/media?parent=31"}],"curies":[{"name":"wp","href":"https:\/\/api.w.org\/{rel}","templated":true}]}}