{"id":4752,"date":"2022-01-09T15:12:16","date_gmt":"2022-01-09T14:12:16","guid":{"rendered":"https:\/\/claudinevedere.com\/?page_id=4752"},"modified":"2026-01-06T17:15:15","modified_gmt":"2026-01-06T16:15:15","slug":"mediation-de-la-consommation","status":"publish","type":"page","link":"https:\/\/claudinevedere.com\/index.php\/mediation-de-la-consommation\/","title":{"rendered":"M\u00e9diation de la consommation"},"content":{"rendered":"\t\t<div data-elementor-type=\"wp-page\" data-elementor-id=\"4752\" class=\"elementor elementor-4752\">\n\t\t\t\t\t\t<section class=\"elementor-section elementor-top-section elementor-element elementor-element-26c1a0a elementor-section-boxed elementor-section-height-default elementor-section-height-default\" data-id=\"26c1a0a\" data-element_type=\"section\" data-e-type=\"section\">\n\t\t\t\t\t\t<div class=\"elementor-container elementor-column-gap-default\">\n\t\t\t\t\t<div class=\"elementor-column elementor-col-100 elementor-top-column elementor-element elementor-element-e7bd7d8\" data-id=\"e7bd7d8\" data-element_type=\"column\" data-e-type=\"column\">\n\t\t\t<div class=\"elementor-widget-wrap elementor-element-populated\">\n\t\t\t\t\t\t<div class=\"elementor-element elementor-element-4400bb2 elementor-widget elementor-widget-image\" data-id=\"4400bb2\" data-element_type=\"widget\" data-e-type=\"widget\" data-widget_type=\"image.default\">\n\t\t\t\t<div class=\"elementor-widget-container\">\n\t\t\t\t\t\t\t\t\t\t\t\t\t\t\t<img fetchpriority=\"high\" decoding=\"async\" width=\"2000\" height=\"275\" src=\"https:\/\/claudinevedere.com\/wp-content\/uploads\/2022\/01\/M2DIATION-DE-LA-CONSOMMATION-182-x-25-mm.png\" class=\"attachment-full size-full wp-image-4757\" alt=\"\" srcset=\"https:\/\/claudinevedere.com\/wp-content\/uploads\/2022\/01\/M2DIATION-DE-LA-CONSOMMATION-182-x-25-mm.png 2000w, https:\/\/claudinevedere.com\/wp-content\/uploads\/2022\/01\/M2DIATION-DE-LA-CONSOMMATION-182-x-25-mm-300x41.png 300w, https:\/\/claudinevedere.com\/wp-content\/uploads\/2022\/01\/M2DIATION-DE-LA-CONSOMMATION-182-x-25-mm-1024x141.png 1024w, https:\/\/claudinevedere.com\/wp-content\/uploads\/2022\/01\/M2DIATION-DE-LA-CONSOMMATION-182-x-25-mm-768x106.png 768w, https:\/\/claudinevedere.com\/wp-content\/uploads\/2022\/01\/M2DIATION-DE-LA-CONSOMMATION-182-x-25-mm-1536x211.png 1536w\" sizes=\"(max-width: 2000px) 100vw, 2000px\" \/>\t\t\t\t\t\t\t\t\t\t\t\t\t\t\t<\/div>\n\t\t\t\t<\/div>\n\t\t\t\t\t<\/div>\n\t\t<\/div>\n\t\t\t\t\t<\/div>\n\t\t<\/section>\n\t\t\t\t<section class=\"elementor-section elementor-top-section elementor-element elementor-element-67111f8 elementor-section-boxed elementor-section-height-default elementor-section-height-default\" data-id=\"67111f8\" data-element_type=\"section\" data-e-type=\"section\">\n\t\t\t\t\t\t<div class=\"elementor-container elementor-column-gap-default\">\n\t\t\t\t\t<div class=\"elementor-column elementor-col-100 elementor-top-column elementor-element elementor-element-856867e\" data-id=\"856867e\" data-element_type=\"column\" data-e-type=\"column\">\n\t\t\t<div class=\"elementor-widget-wrap elementor-element-populated\">\n\t\t\t\t\t\t<div class=\"elementor-element elementor-element-e534e54 elementor-widget elementor-widget-text-editor\" data-id=\"e534e54\" data-element_type=\"widget\" data-e-type=\"widget\" data-widget_type=\"text-editor.default\">\n\t\t\t\t<div class=\"elementor-widget-container\">\n\t\t\t\t\t\t\t\t\t<p><span style=\"color: #000000;\">Depuis le 1<sup>er<\/sup> janvier 2016, en tant que professionnelle,\u00a0<\/span><span style=\"font-family: Roboto, sans-serif; font-size: 16px; font-weight: 300;\"><span style=\"color: #000000;\">et conform\u00e9ment aux articles L.616-1 et R.616-1 du code de la consommation, nous proposons un dispositif de m\u00e9diation de la consommation. L&rsquo;entit\u00e9 de m\u00e9diation retenue est : MEDIATION CONSOMMATION DEVELOPPEMENT &#8211; Centre d\u2019Affaires St\u00e9phanois SAS \u2013 Immeuble l\u2019Horizon \u2013 Esplanade de France 3 rue J. Constant Milleret \u2013 42000 SAINT-ETIENNE. En cas de litige, vous pouvez d\u00e9poser votre r\u00e9clamation sur son site<\/span> : <\/span><a style=\"font-family: Roboto, sans-serif; font-size: 16px; font-weight: 300;\" href=\"https:\/\/www.medconsodev.eu\">https:\/\/www.medconsodev.eu<\/a><span style=\"font-family: Roboto, sans-serif; font-size: 16px; font-weight: 300;\">\u00a0<\/span><\/p>\t\t\t\t\t\t\t\t<\/div>\n\t\t\t\t<\/div>\n\t\t\t\t\t<\/div>\n\t\t<\/div>\n\t\t\t\t\t<\/div>\n\t\t<\/section>\n\t\t\t\t<\/div>\n\t\t","protected":false},"excerpt":{"rendered":"<p>Depuis le 1er janvier 2016, en tant que professionnelle,\u00a0et conform\u00e9ment aux articles L.616-1 et R.616-1 du code de la consommation, nous proposons un dispositif de m\u00e9diation de la consommation. L&rsquo;entit\u00e9 de m\u00e9diation retenue est : MEDIATION CONSOMMATION DEVELOPPEMENT &#8211; Centre<\/p>\n","protected":false},"author":1,"featured_media":0,"parent":0,"menu_order":0,"comment_status":"closed","ping_status":"closed","template":"","meta":{"_monsterinsights_skip_tracking":false,"_monsterinsights_sitenote_active":false,"_monsterinsights_sitenote_note":"","_monsterinsights_sitenote_category":0,"advanced_seo_description":"","jetpack_seo_html_title":"","jetpack_seo_noindex":false,"footnotes":""},"class_list":["post-4752","page","type-page","status-publish","hentry"],"jetpack_sharing_enabled":true,"_links":{"self":[{"href":"https:\/\/claudinevedere.com\/index.php\/wp-json\/wp\/v2\/pages\/4752","targetHints":{"allow":["GET"]}}],"collection":[{"href":"https:\/\/claudinevedere.com\/index.php\/wp-json\/wp\/v2\/pages"}],"about":[{"href":"https:\/\/claudinevedere.com\/index.php\/wp-json\/wp\/v2\/types\/page"}],"author":[{"embeddable":true,"href":"https:\/\/claudinevedere.com\/index.php\/wp-json\/wp\/v2\/users\/1"}],"replies":[{"embeddable":true,"href":"https:\/\/claudinevedere.com\/index.php\/wp-json\/wp\/v2\/comments?post=4752"}],"version-history":[{"count":0,"href":"https:\/\/claudinevedere.com\/index.php\/wp-json\/wp\/v2\/pages\/4752\/revisions"}],"wp:attachment":[{"href":"https:\/\/claudinevedere.com\/index.php\/wp-json\/wp\/v2\/media?parent=4752"}],"curies":[{"name":"wp","href":"https:\/\/api.w.org\/{rel}","templated":true}]}}